{"id":35,"date":"2015-12-13T22:08:10","date_gmt":"2015-12-13T22:08:10","guid":{"rendered":"http:\/\/el-ros.pl\/?page_id=35"},"modified":"2023-11-22T13:11:54","modified_gmt":"2023-11-22T12:11:54","slug":"kontakt","status":"publish","type":"page","link":"https:\/\/el-ros.pl\/index.php\/kontakt\/","title":{"rendered":"Kontakt"},"content":{"rendered":"<h1>EL-ROS Gdynia Pomiary elektryczne &#8211; \u015awiadectwa energetyczne budynk\u00f3w<\/h1>\n<h2>Pomiary instalacji elektrycznych odbiorcze oraz okresowe<\/h2>\n<p style=\"text-align: center;\"><strong>EL-ROS Wojciech Rosengart<\/strong><\/p>\n<p style=\"text-align: center;\"><strong>in\u017c. Wojciech Rosengart<\/strong><\/p>\n<p style=\"text-align: center;\">ul. \u017bwirowa 6\/2<\/p>\n<p style=\"text-align: center;\">81-010 Gdynia<\/p>\n<p style=\"text-align: center;\">NIP: 5882414159<\/p>\n<p style=\"text-align: center;\">e-mail: <a href=\"mailto:biuro@el-ros.pl\">biuro@el-ros.pl<\/a><\/p>\n<p style=\"text-align: center;\">telefon: <a href=\"tel:+48697636723\">697 63 67 23<\/a>\u00a0 \u00a0 \u00a0 \u00a0 <a href=\"tel:+48601667375\">601 66 73 75<\/a><\/p>\n<p style=\"text-align: center;\">Zapoznaj si\u0119 z <a href=\"http:\/\/el-ros.pl\/index.php\/oferta\">ofert\u0105<\/a><\/p>\n<p style=\"text-align: center;\">Przeczytaj <a href=\"http:\/\/el-ros.pl\/index.php\/o-firmie\">o firmie<\/a><\/p>\n","protected":false},"excerpt":{"rendered":"<p>EL-ROS Gdynia Pomiary elektryczne &#8211; \u015awiadectwa energetyczne budynk\u00f3w Pomiary instalacji elektrycznych odbiorcze oraz okresowe EL-ROS Wojciech Rosengart in\u017c. Wojciech Rosengart ul. \u017bwirowa 6\/2 81-010 Gdynia NIP: 5882414159 e-mail: biuro@el-ros.pl telefon: 697 63 67 23\u00a0 \u00a0 \u00a0 \u00a0 601 66 73 75 Zapoznaj si\u0119 z ofert\u0105 Przeczytaj o firmie<\/p>\n","protected":false},"author":1,"featured_media":0,"parent":0,"menu_order":3,"comment_status":"closed","ping_status":"closed","template":"template-fullwidth.php","meta":[],"_links":{"self":[{"href":"https:\/\/el-ros.pl\/index.php\/wp-json\/wp\/v2\/pages\/35"}],"collection":[{"href":"https:\/\/el-ros.pl\/index.php\/wp-json\/wp\/v2\/pages"}],"about":[{"href":"https:\/\/el-ros.pl\/index.php\/wp-json\/wp\/v2\/types\/page"}],"author":[{"embeddable":true,"href":"https:\/\/el-ros.pl\/index.php\/wp-json\/wp\/v2\/users\/1"}],"replies":[{"embeddable":true,"href":"https:\/\/el-ros.pl\/index.php\/wp-json\/wp\/v2\/comments?post=35"}],"version-history":[{"count":19,"href":"https:\/\/el-ros.pl\/index.php\/wp-json\/wp\/v2\/pages\/35\/revisions"}],"predecessor-version":[{"id":164,"href":"https:\/\/el-ros.pl\/index.php\/wp-json\/wp\/v2\/pages\/35\/revisions\/164"}],"wp:attachment":[{"href":"https:\/\/el-ros.pl\/index.php\/wp-json\/wp\/v2\/media?parent=35"}],"curies":[{"name":"wp","href":"https:\/\/api.w.org\/{rel}","templated":true}]}}